{"id":16,"date":"2020-02-04T22:20:30","date_gmt":"2020-02-04T22:20:30","guid":{"rendered":"http:\/\/jeshua.net\/por\/wp\/?page_id=16"},"modified":"2022-03-02T09:42:30","modified_gmt":"2022-03-02T09:42:30","slug":"sejam-bem-vindos","status":"publish","type":"page","link":"http:\/\/jeshua.net\/por\/","title":{"rendered":"Sejam bem-vindos!"},"content":{"rendered":"\n<p>Neste site, apresentamos mensagens espirituais sobre crescimento interior, energia cr\u00edstica, trabalhadores da luz, a nova Terra, e sobre a transi\u00e7\u00e3o da consci\u00eancia baseada no ego para a consci\u00eancia baseada no cora\u00e7\u00e3o. Estas mensagens foram recebidas atrav\u00e9s de uma conex\u00e3o interior com Jeshua. \u201cJeshua ben Joseph\u201d \u00e9 o nome aramaico original de Jesus, a personifica\u00e7\u00e3o da energia cr\u00edstica na Terra. Nestas canaliza\u00e7\u00f5es, ele se apresenta como Jeshua, nosso irm\u00e3o e amigo, ao inv\u00e9s da autoridade endeusada na qual a tradi\u00e7\u00e3o o transformou. A energia dele ainda est\u00e1 dispon\u00edvel para n\u00f3s, n\u00e3o tanto como um conjunto de conceitos ou regras fixas, mas como um indicador que nos mostra o caminho para o nosso Cristo interno. <\/p>\n\n\n\n<h3 class=\"wp-block-heading\"><strong>Quem somos n\u00f3s?<\/strong><\/h3>\n\n\n\n<div class=\"wp-block-image\"><figure class=\"alignright size-large\"><img loading=\"lazy\" decoding=\"async\" width=\"300\" height=\"303\" src=\"https:\/\/jeshua.net\/por\/wp\/wp-content\/uploads\/2020\/02\/Gerrit-Pamela-2019.jpg\" alt=\"\" class=\"wp-image-17\" srcset=\"http:\/\/jeshua.net\/por\/wp\/wp-content\/uploads\/2020\/02\/Gerrit-Pamela-2019.jpg 300w, http:\/\/jeshua.net\/por\/wp\/wp-content\/uploads\/2020\/02\/Gerrit-Pamela-2019-297x300.jpg 297w, http:\/\/jeshua.net\/por\/wp\/wp-content\/uploads\/2020\/02\/Gerrit-Pamela-2019-267x270.jpg 267w\" sizes=\"auto, (max-width: 300px) 100vw, 300px\" \/><\/figure><\/div>\n\n\n\n<p>Somos casados e temos nosso pr\u00f3prio consult\u00f3rio espiritual na Holanda, Europa. Trabalhamos com a energia de Jeshua desde 2002. Pamela \u00e9 canal de Jeshua e Gerrit trabalha com terapia de regress\u00e3o, e sempre acompanha a Pamela nas sess\u00f5es de canaliza\u00e7\u00e3o.<\/p>\n\n\n\n<p>Pamela:<\/p>\n\n\n\n<p><em>\u201cPara mim, o nome Jeshua n\u00e3o se refere tanto \u00e0 personalidade hist\u00f3rica de Jesus, mas \u00e0 energia cr\u00edstica universal, da qual todos n\u00f3s fazemos parte. Quando canalizo Jeshua, sinto-me profundamente atra\u00edda para esse campo de amor e compaix\u00e3o e, nesse estado de consci\u00eancia, recebo as mensagens de Jeshua.\u201d<\/em><\/p>\n\n\n\n<h3 class=\"wp-block-heading\"><strong>Como ler este material. &nbsp;<\/strong><\/h3>\n\n\n\n<p>As canaliza\u00e7\u00f5es est\u00e3o colocadas na ordem em que as recebemos. A S\u00e9rie dos Trabalhadores da Luz \u00e9 b\u00e1sica, no sentido de que explica alguns conceitos muito importantes, aos quais as mensagens posteriores freq\u00fcentemente se referem. As outras mensagens foram recebidas diante de uma audi\u00eancia e tratam de diferentes t\u00f3picos, tais como relacionamentos, trabalho, autocura e outros.<\/p>\n\n\n\n<p>Para saber mais sobre a identidade de Jeshua, leia \u201c<a href=\"https:\/\/jeshua.net\/por\/quem-somos-nos\/quem-e-jeshua\/\">Quem \u00e9 Jeshua<\/a>\u201d<\/p>\n\n\n\n<p>Para saber mais sobre o que significa \u201ccanalizar\u201d e como a Pamela come\u00e7ou a canalizar Jeshua, veja&nbsp;<a href=\"https:\/\/jeshua.net\/por\/quem-somos-nos\/pamela-kribbe\/\">\u201cBiografia e algumas observa\u00e7\u00f5es sobre canaliza\u00e7\u00e3o\u201d<\/a><\/p>\n\n\n\n<h3 class=\"wp-block-heading\"><strong>Informativo<\/strong><\/h3>\n\n\n\n<p><strong><br><\/strong>Este site \u00e9 atualizado freq\u00fcentemente com novos materiais. Se voc\u00ea quiser ser avisado sobre as novas tradu\u00e7\u00f5es, envie-nos um e-mail, escrevendo \u201cinformativo, por favor\u201d no lugar do assunto. Assim voc\u00ea receber\u00e1 nosso informativo gratuito.<\/p>\n\n\n\n<h3 class=\"wp-block-heading\"><strong>Contato para informa\u00e7\u00f5es<\/strong><\/h3>\n\n\n\n<p>Podemos ser contatados atrav\u00e9s de&nbsp;<a href=\"mailto:veracorrea46@gmail.com\">veracorrea46@gmail.com<\/a><\/p>\n\n\n\n<p>N\u00f3s recebemos com prazer os seus coment\u00e1rios, mas devido ao volume de correspond\u00eancia que nos chega diariamente, n\u00e3o podemos responder todos os seus e-mails. Inclusive n\u00e3o oferecemos conselhos espirituais ou terap\u00eauticos atrav\u00e9s de e-mail. No entanto, saiba que ficamos encantados de conhecer a sua rea\u00e7\u00e3o ao material publicado em nosso site!<\/p>\n","protected":false},"excerpt":{"rendered":"<p>Neste site, apresentamos mensagens espirituais sobre crescimento interior, energia cr\u00edstica, trabalhadores da luz, a nova Terra, e sobre a transi\u00e7\u00e3o da consci\u00eancia baseada no ego para a consci\u00eancia baseada no cora\u00e7\u00e3o. Estas mensagens foram recebidas atrav\u00e9s de uma conex\u00e3o interior com Jeshua. \u201cJeshua ben Joseph\u201d \u00e9 o nome aramaico original de Jesus, a personifica\u00e7\u00e3o&#8230;<\/p>\n<p class=\"read-more\"><a class=\"btn btn-default\" href=\"http:\/\/jeshua.net\/por\/\"> Read More<span class=\"screen-reader-text\">  Read More<\/span><\/a><\/p>\n","protected":false},"author":1,"featured_media":0,"parent":0,"menu_order":0,"comment_status":"closed","ping_status":"closed","template":"","meta":{"footnotes":""},"class_list":["post-16","page","type-page","status-publish","hentry"],"_links":{"self":[{"href":"http:\/\/jeshua.net\/por\/wp-json\/wp\/v2\/pages\/16","targetHints":{"allow":["GET"]}}],"collection":[{"href":"http:\/\/jeshua.net\/por\/wp-json\/wp\/v2\/pages"}],"about":[{"href":"http:\/\/jeshua.net\/por\/wp-json\/wp\/v2\/types\/page"}],"author":[{"embeddable":true,"href":"http:\/\/jeshua.net\/por\/wp-json\/wp\/v2\/users\/1"}],"replies":[{"embeddable":true,"href":"http:\/\/jeshua.net\/por\/wp-json\/wp\/v2\/comments?post=16"}],"version-history":[{"count":3,"href":"http:\/\/jeshua.net\/por\/wp-json\/wp\/v2\/pages\/16\/revisions"}],"predecessor-version":[{"id":434,"href":"http:\/\/jeshua.net\/por\/wp-json\/wp\/v2\/pages\/16\/revisions\/434"}],"wp:attachment":[{"href":"http:\/\/jeshua.net\/por\/wp-json\/wp\/v2\/media?parent=16"}],"curies":[{"name":"wp","href":"https:\/\/api.w.org\/{rel}","templated":true}]}}